{"id":432,"date":"2025-01-30T14:19:05","date_gmt":"2025-01-30T13:19:05","guid":{"rendered":"http:\/\/qc041500.web243.webhouse.sk\/?page_id=432"},"modified":"2026-02-20T18:18:29","modified_gmt":"2026-02-20T17:18:29","slug":"2-3","status":"publish","type":"page","link":"https:\/\/www.hasicistupava.sk\/?page_id=432","title":{"rendered":"2%"},"content":{"rendered":"\n<ul class=\"wp-block-list\">\n<li>Podporte n\u00e1s darovan\u00edm 2 % z dane! <\/li>\n\n\n\n<li>Aj vy m\u00f4\u017eete pom\u00f4c\u0165 n\u00e1\u0161mu Dobrovo\u013en\u00e9mu hasi\u010dsk\u00e9mu zboru v Stupave darovan\u00edm 2 % z dane. Ka\u017ed\u00e9 euro n\u00e1m pom\u00f4\u017ee pri moderniz\u00e1cii vybavenia, \u00fadr\u017ebe techniky a zlep\u0161ovan\u00ed na\u0161ej pripravenosti pom\u00e1ha\u0165 tam, kde je to potrebn\u00e9.<\/li>\n\n\n\n<li> Ako na to?<\/li>\n\n\n\n<li> Ak si pod\u00e1vate da\u0148ov\u00e9 priznanie sami:<\/li>\n\n\n\n<li>Vypl\u0148te \u010das\u0165 o pouk\u00e1zan\u00ed 2 % priamo v da\u0148ovom priznan\u00ed.<\/li>\n\n\n\n<li>Na\u0161e \u00fadaje:<br> N\u00e1zov: Hasi\u010di Stupava<br> I\u010cO: 55926452<\/li>\n\n\n\n<li>Ak za v\u00e1s pod\u00e1va da\u0148ov\u00e9 priznanie zamestn\u00e1vate\u013e:<\/li>\n\n\n\n<li>Do 17. 2. 2026 po\u017eiadajte zamestn\u00e1vate\u013ea o vykonanie ro\u010dn\u00e9ho z\u00fa\u010dtovania dane.<\/li>\n\n\n\n<li>Zamestn\u00e1vate\u013e v\u00e1m n\u00e1sledne vystav\u00ed Potvrdenie o zaplaten\u00ed dane.<\/li>\n\n\n\n<li>Z tohto potvrdenia si vypo\u010d\u00edtajte sumu, ktor\u00fa m\u00f4\u017eete pouk\u00e1za\u0165:<br>\u2022 2 % z dane (minim\u00e1lne 3 \u20ac) \u2013 suma z riadku 24 v potvrden\u00ed.<br>\u2022 3 % z dane, ak ste v roku 2025 odpracovali minim\u00e1lne 40 hod\u00edn dobrovo\u013en\u00edckej \u010dinnosti a m\u00e1te na to potvrdenie.<\/li>\n\n\n\n<li>Vypl\u0148te Vyhl\u00e1senie o pouk\u00e1zan\u00ed 2 % \/ 3 % (ofici\u00e1lne tla\u010divo s na\u0161imi predvyplnen\u00fdmi \u00fadajmi si m\u00f4\u017eete stiahnu\u0165 tu: <a href=\"https:\/\/www.hasicistupava.sk\/wp-content\/uploads\/2026\/02\/2p26-1.pdf\" data-type=\"link\" data-id=\"http:\/\/qc041500.web243.webhouse.sk\/wp-content\/uploads\/2025\/01\/2p24-1.pdf\" target=\"_blank\" rel=\"noreferrer noopener\"><mark style=\"background-color:rgba(0, 0, 0, 0)\" class=\"has-inline-color has-vivid-red-color\"><strong>tlacivo.pdf<\/strong><\/mark><\/a><\/li>\n\n\n\n<li>Ak chcete, aby sme vedeli, kto n\u00e1s podporil, za\u0161krtnite pol\u00ed\u010dko s\u00fahlasu vo Vyhl\u00e1sen\u00ed. (V\u00fd\u0161ka darovanej sumy sa n\u00e1m nezobraz\u00ed.)<\/li>\n\n\n\n<li>Podanie na da\u0148ov\u00fd \u00farad:<br>\u2022 Mo\u017enos\u0165 1: Do 30. 4. 2026 doru\u010dte Vyhl\u00e1senie o pouk\u00e1zan\u00ed podielu zaplatenej dane z pr\u00edjmov fyzickej osoby spolu s Potvrden\u00edm o zaplaten\u00ed dane na v\u00e1\u0161 da\u0148ov\u00fd \u00farad (pod\u013ea bydliska).<br>\u2022 Mo\u017enos\u0165 2 \u2013 Zjednodu\u0161enie pre v\u00e1s: Ak n\u00e1m tieto tla\u010div\u00e1 (Vyhl\u00e1senie o pouk\u00e1zan\u00ed podielu zaplatenej dane z pr\u00edjmov fyzickej osoby a Potvrdenie o zaplaten\u00ed dane) doru\u010d\u00edte najnesk\u00f4r do 25. 4. 2026 na adresu:<br>Dobrovo\u013en\u00fd hasi\u010dsk\u00fd zbor Stupava, Hlavn\u00e1 9A, 900 31 Stupava,<br>radi ich za v\u00e1s odovzd\u00e1me na da\u0148ov\u00fd \u00farad, a vy s t\u00fdm nebudete ma\u0165 \u017eiadne starosti.<\/li>\n\n\n\n<li>Ak darujete 3 %, nezabudnite prilo\u017ei\u0165 aj Potvrdenie o odpracovan\u00ed 40 hod\u00edn dobrovo\u013en\u00edckej \u010dinnosti.<\/li>\n\n\n\n<li>Va\u0161a podpora n\u00e1m pom\u00f4\u017ee zachra\u0148ova\u0165, chr\u00e1ni\u0165&nbsp;a&nbsp;pom\u00e1ha\u0165!<\/li>\n<\/ul>\n\n\n\n<p><\/p>\n\n\n\n<div data-wp-interactive=\"core\/file\" class=\"wp-block-file\"><object data-wp-bind--hidden=\"!state.hasPdfPreview\" hidden class=\"wp-block-file__embed\" data=\"https:\/\/www.hasicistupava.sk\/wp-content\/uploads\/2026\/02\/2p26-1.pdf\" type=\"application\/pdf\" style=\"width:100%;height:600px\" aria-label=\"Vlo\u017ei\u0165 2p26.\"><\/object><a id=\"wp-block-file--media-5fe7a4a1-de39-4165-a8c0-df08fc49e015\" href=\"https:\/\/www.hasicistupava.sk\/wp-content\/uploads\/2026\/02\/2p26-1.pdf\">2p26<\/a><a href=\"https:\/\/www.hasicistupava.sk\/wp-content\/uploads\/2026\/02\/2p26-1.pdf\" class=\"wp-block-file__button wp-element-button\" download aria-describedby=\"wp-block-file--media-5fe7a4a1-de39-4165-a8c0-df08fc49e015\">Stiahnu\u0165<\/a><\/div>\n\n\n\n<p><\/p>\n","protected":false},"excerpt":{"rendered":"","protected":false},"author":1,"featured_media":0,"parent":0,"menu_order":0,"comment_status":"closed","ping_status":"closed","template":"","meta":{"footnotes":""},"class_list":["post-432","page","type-page","status-publish","hentry"],"_links":{"self":[{"href":"https:\/\/www.hasicistupava.sk\/index.php?rest_route=\/wp\/v2\/pages\/432","targetHints":{"allow":["GET"]}}],"collection":[{"href":"https:\/\/www.hasicistupava.sk\/index.php?rest_route=\/wp\/v2\/pages"}],"about":[{"href":"https:\/\/www.hasicistupava.sk\/index.php?rest_route=\/wp\/v2\/types\/page"}],"author":[{"embeddable":true,"href":"https:\/\/www.hasicistupava.sk\/index.php?rest_route=\/wp\/v2\/users\/1"}],"replies":[{"embeddable":true,"href":"https:\/\/www.hasicistupava.sk\/index.php?rest_route=%2Fwp%2Fv2%2Fcomments&post=432"}],"version-history":[{"count":14,"href":"https:\/\/www.hasicistupava.sk\/index.php?rest_route=\/wp\/v2\/pages\/432\/revisions"}],"predecessor-version":[{"id":528,"href":"https:\/\/www.hasicistupava.sk\/index.php?rest_route=\/wp\/v2\/pages\/432\/revisions\/528"}],"wp:attachment":[{"href":"https:\/\/www.hasicistupava.sk\/index.php?rest_route=%2Fwp%2Fv2%2Fmedia&parent=432"}],"curies":[{"name":"wp","href":"https:\/\/api.w.org\/{rel}","templated":true}]}}